the greatest common divisor of 474 and 48210382?
158
What is the highest common divisor of 687 and 23209837?
229
What is the greatest common factor of 180 and 520682280?
60
What is the highest common divisor of 6497 and 3936292?
89
What is the greatest common factor of 12186634 and 2?
2
Calculate the highest common factor of 550952510 and 2410.
2410
Calculate the greatest common factor of 1500 and 259572.
12
What is the greatest common divisor of 32784 and 203534?
1366
Calculate the greatest common factor of 158918 and 2154612.
878
Calculate the highest common divisor of 959 and 4125207.
137
What is the greatest common divisor of 340 and 102448730?
10
Calculate the greatest common factor of 12474 and 60880974.
462
Calculate the greatest common divisor of 141 and 15638169.
141
Calculate the highest common factor of 8593111 and 1197.
19
Calculate the greatest common divisor of 736 and 197568.
32
What is the greatest common factor of 230780 and 84920?
220
Calculate the highest common factor of 359292 and 2607.
237
Calculate the highest common factor of 1092 and 566839.
91
Calculate the highest common factor of 100 and 17233325.
25
Calculate the greatest common divisor of 28 and 173128396.
28
What is the greatest common factor of 445005 and 110880?
495
What is the highest common factor of 2396021 and 10447?
31
Calculate the greatest common divisor of 159990186 and 258.
258
What is the greatest common divisor of 5439181 and 22?
11
Calculate the greatest common divisor of 277981049 and 881.
881
Calculate the highest common factor of 3476284 and 40.
4
What is the highest common factor of 4984183 and 2764?
691
Calculate the highest common divisor of 1258 and 5622742.
74
Calculate the greatest common divisor of 85458591 and 117.
9
Calculate the greatest common divisor of 299 and 9657723.
23
Calculate the greatest common factor of 9371025 and 1350.
675
What is the highest common divisor of 68817845 and 731?
43
Calculate the greatest common divisor of 9750 and 254826.
78
What is the highest common divisor of 443 and 566?
1
Calculate the highest common factor of 951344 and 21312.
592
Calculate the highest common divisor of 270940 and 180310.
190
What is the greatest common divisor of 2181 and 3640089?
2181
What is the highest common divisor of 994492 and 2756?
212
Calculate the highest common factor of 581108 and 9306.
1034
Calculate the highest common factor of 158775510 and 1665.
555
Calculate the greatest common factor of 437 and 19823723.
23
What is the highest common divisor of 366 and 185898?
6
Calculate the highest common factor of 659357725 and 21125.
4225
Calculate the highest common divisor of 69927 and 280137.
429
Calculate the greatest common divisor of 7052829 and 581.
7
Calculate the highest common factor of 17575 and 139675.
925
Calculate the greatest common divisor of 707 and 9624321.
7
Calculate the highest common factor of 48752 and 397760.
176
What is the greatest common factor of 248086596 and 84?
12
What is the highest common divisor of 17994587 and 295?
59
Calculate the greatest common divisor of 12688 and 416442.
26
Calculate the greatest common factor of 4922072762 and 5998.
5998
What is the greatest common factor of 8377290 and 287109?
3933
What is the greatest common divisor of 17480 and 76304?
152
What is the greatest common divisor of 9401 and 3407038?
17
What is the greatest common divisor of 1176840 and 113400?
2520
What is the highest common factor of 5515 and 338384958?
1103
What is the greatest common factor of 15129807 and 462?
231
What is the greatest common divisor of 3663 and 306266279?
407
What is the highest common factor of 26350 and 252110?
170
Calculate the greatest common factor of 7183312 and 3792.
1264
Calculate the highest common factor of 1212 and 3674028.
12
What is the greatest common factor of 37481754 and 50978?
718
What is the highest common divisor of 43650 and 7815969?
873
Calculate the greatest common factor of 30 and 265864035.
15
Calculate the highest common divisor of 2361641 and 2419.
41
What is the greatest common factor of 2443414560 and 32?
32
What is the greatest common factor of 125519740 and 14120?
7060
Calculate the highest common factor of 2706 and 8013819.
1353
What is the greatest common divisor of 14999 and 19922068?
283
Calculate the highest common divisor of 39010285 and 7775.
1555
What is the greatest common divisor of 6600 and 6051100?
1100
Calculate the highest common divisor of 944 and 14604506.
118
Calculate the highest common divisor of 349184 and 64108.
1364
What is the highest common factor of 100 and 44078452?
4
Calculate the greatest common factor of 62 and 42131170.
62
Calculate the highest common factor of 20734753 and 2852.
713
Calculate the greatest common factor of 520533 and 395961.
4449
What is the greatest common divisor of 151658 and 22075378?
494
What is the greatest common factor of 11913 and 3946965?
627
Calculate the greatest common divisor of 28 and 704900644.
28
Calculate the highest common divisor of 772 and 121975228.
772
What is the highest common factor of 63990 and 19750?
790
Calculate the greatest common factor of 9892847 and 8561.
1223
Calculate the highest common factor of 43948 and 77513285.
10987
What is the greatest common factor of 35853510 and 242?
242
Calculate the highest common divisor of 86897 and 2015549.
769
Calculate the greatest common divisor of 297 and 109224324.
99
Calculate the greatest common factor of 9694471 and 11543.
1649
Calculate the greatest common factor of 21531150 and 2214.
2214
Calculate the highest common factor of 5364 and 71676.
36
Calculate the highest common divisor of 7339449 and 2763.
921
Calculate the greatest common divisor of 2252297278 and 479.
479
Calculate the highest common factor of 5 and 5333695.
5
What is the greatest common divisor of 41797 and 6491330?
853
What is the greatest common divisor of 37062 and 17063217?
639
Calculate the greatest common divisor of 6200 and 3777350.
1550
Calculate the greatest common divisor of 12689503 and 15751.
829
Calculate the highest common factor of 2800 and 205100.
700
What is the greatest common factor of 7524 and 1257534?
342
What is the highest common factor of 10881416 and 252?
28
Calculate the greatest common factor of 16698885 and 280.
35
Calculate the greatest common factor of 7799708 and 504.
28
What is the greatest common factor of 25 and 111150850?
25
Calculate the highest common divisor of 48144 and 33544944.
816
Calculate the highest common divisor of 2428890 and 30.
30
What is the greatest common factor of 1673881 and 1657863?
8009
What is the highest common divisor of 4028 and 4147356?
212
What is the greatest common divisor of 44 and 92068?
4
Calculate the greatest common factor of 2976959 and 497.
71
What is the greatest common factor of 56650 and 45204434?
2266
What is the greatest common divisor of 159 and 15899629?
53
Calculate the highest common factor of 54678 and 254627034.
4206
Calculate the highest common factor of 35872 and 5293856.
608
What is the greatest common divisor of 702 and 62966646?
54
What is the greatest common divisor of 1469510 and 15190?
490
What is the highest common factor of 2873144 and 344?
8
What is the highest common factor of 4646269 and 2853?
317
Calculate the greatest common factor of 6 and 46858002.
6
Calculate the greatest common factor of 363 and 29626003.
121
What is the greatest common factor of 8103 and 385148?
73
Calculate the greatest common factor of 2117 and 60798123.
2117
Calculate the highest common factor of 77625 and 23891250.
8625
What is the highest common divisor of 74431994 and 8106?
2702
What is the greatest common factor of 106613 and 3763669?
767
Calculate the highest common factor of 17479464 and 12.
12
What is the greatest common divisor of 13413906 and 1887?
111
What is the highest common divisor of 128232 and 10023?
39
Calculate the greatest common divisor of 89 and 91701773.
89
Calculate the highest common factor of 25 and 41227175.
25
Calculate the highest common factor of 22 and 3002516.
22
What is the highest common divisor of 283520062 and 17570?
3514
What is the greatest common factor of 39 and 555783072?
39
Calculate the greatest common factor of 3237964095 and 30.
15
What is the greate